eatest common factor of w and 49?
7
Let n = -20 - -12. Let g(x) = -2*x + 8. Let c be g(n). What is the greatest common factor of c and 36?
12
Let s = 40 + -29. Calculate the highest common divisor of s and 22.
11
Let i be ((-3)/(-2))/((-78)/40 - -2). What is the greatest common divisor of i and 15?
15
Suppose -2*j + 5*j = f + 1, 0 = -2*f + 3*j - 2. Let a(p) = 3 + 2 - 2 - 2 - p. Let v be a(f). What is the highest common divisor of v and 10?
2
Let c = 0 - -2. Let l be c/10 + 79/5. Calculate the highest common factor of l and 16.
16
Suppose -2*n + 6*n + 8 = 5*v, -5*v - 4*n = -32. Let t(a) = 4*a**2 - 4*a - 3. Let y be t(v). What is the greatest common factor of 5 and y?
5
Let j = -71 + 121. What is the highest common divisor of 10 and j?
10
Suppose 2*s - 88 = 4*t, 0 = 2*s - 7*s + 2*t + 260. What is the greatest common divisor of 27 and s?
27
Suppose 0 = -2*m + 2 + 16. Let b be (0 - -3)/((-9)/(-9)). What is the highest common factor of m and b?
3
Suppose 0 = -3*y - 57 + 15. Let u = 67 - y. Let t be -1*(-1 + -2)*3. Calculate the greatest common divisor of u and t.
9
Let x be (4/(-3))/(1/3). Let k = x + 9. Calculate the highest common factor of k and 40.
5
Let q = 127 + -87. Let j = 2 - 2. Let b be -1 + 1 + j + 10. Calculate the greatest common divisor of b and q.
10
Let n = 60 + -46. What is the greatest common divisor of 56 and n?
14
Let h(i) = -i + 63. Let k be h(0). Suppose -3*l = -6 - 3. Suppose -3*j + 26 = j - n, -l*j - 4*n = -29. What is the greatest common factor of j and k?
7
Suppose -3*q + 0*q = -15. Let v be (-798)/(-2) - (-8 + q). Suppose 687 = 5*x - 0*x + 4*k, k = 3*x - v. Calculate the highest common factor of 15 and x.
15
Suppose 0 = -3*u + u - 5*x + 116, -2*x - 232 = -5*u. Let d be (u/(-15))/((-3)/90). What is the highest common divisor of 12 and d?
12
Suppose 2*d = -3*k + 192, 2*k - 5*k - 3*d + 192 = 0. Suppose -2*z - 4*y + 0*y = 4, 0 = z - 2*y - 18. What is the highest common divisor of k and z?
8
Let c be (-1 - -1)*(5 - 6). Suppose -2*x + c*x = -12. Calculate the greatest common divisor of x and 9.
3
Let a = 26 - 16. Suppose -90 = -4*u + u. Calculate the greatest common factor of a and u.
10
Suppose 3*z + 17 = 83. Let v = -16 + z. Let x be ((-15)/v)/((-1)/2). What is the greatest common divisor of 55 and x?
5
Suppose 4*d = -2*d + 18. Suppose -5*a + 3*s = -69, -68 = -3*a - 4*s - 15. What is the highest common factor of d and a?
3
Suppose -664 = -5*n + 211. Calculate the highest common factor of 25 and n.
25
Let y = 22 + -10. Let r = -63 + -27. Let t be 4/(-14) + r/(-21). Calculate the greatest common divisor of t and y.
4
Suppose 7 = 2*t - 3*b, 2*t - 4*b + 5*b - 19 = 0. What is the highest common divisor of 72 and t?
8
Suppose 0 = -24*r + 27*r - 45. Calculate the highest common divisor of 45 and r.
15
Suppose -128 - 502 = 5*u. Let c be (-4 + 21/6)*u. Calculate the highest common divisor of c and 9.
9
Suppose n + 0 = 7. Calculate the highest common divisor of n and 7.
7
Let p(t) = -36*t. Let j(b) = 144*b. Let y(i) = -2*j(i) - 9*p(i). Let f be y(2). Let x = 17 + -8. Calculate the highest common divisor of x and f.
9
Suppose -5*n + p = -23, -4*n - 4*p - 6 = -34. Let g be n*(-2)/(-5)*16. Calculate the greatest common divisor of 16 and g.
16
Let d(p) = 3*p + 6. Let u be d(2). Calculate the greatest common divisor of 324 and u.
12
Suppose 15 = 3*l - 45. What is the highest common factor of 180 and l?
20
Suppose 2*f - 140 + 40 = -4*u, -4*u = -3*f + 120. Calculate the highest common divisor of f and 110.
22
Suppose 14*z - 300 = 11*z. What is the highest common factor of z and 250?
50
Suppose -y = -4*a - 12, -4 = y + 5*a - 52. Let u = y + -4. What is the highest common divisor of u and 96?
24
Suppose -4 = -4*p, 3*f - f - 7 = -p. Suppose f*y - 438 = -102. What is the highest common divisor of y and 14?
14
Suppose 3*c + 0*c = -12, -2*s - 5*c = -32. What is the greatest common factor of s and 13?
13
Let d be (-3 - 1)/2 + 11. Let x be (1 + 0)*(0 + 4). Suppose 4*w - k = 184, w - 20 = -x*k + d. Calculate the highest common divisor of 30 and w.
15
Let b = -57 + 143. Calculate the greatest common factor of b and 129.
43
Suppose -55*p = -48*p - 112. What is the greatest common divisor of 24 and p?
8
Let f(v) = 2*v**2 - 3*v - 6. Let z be f(-6). What is the highest common factor of z and 28?
28
Suppose 0 = -j + 2*l + 18 - 4, -63 = -3*j - l. Suppose -n = 3*i - 11 - 36, n = 4*i + 54. What is the greatest common factor of n and j?
10
Suppose -19 = -8*j + 7*j. Calculate the highest common factor of 133 and j.
19
Let x be (-17)/(-5) + (-4)/10. Let a be (0/(-3))/(6/(-3)). Suppose 0 = -4*s + c + 746, s + a*c = x*c + 181. What is the greatest common factor of s and 17?
17
Let o = 19 + 16. Let h = o + -10. Let y be (-1)/(4/16) - -14. Calculate the highest common divisor of h and y.
5
Suppose -2*g + 2 = -0. Suppose 1 = 3*f - 2. What is the highest common divisor of f and g?
1
Let o = -27 + 33. What is the greatest common factor of o and 3?
3
Let p be (-2)/(-4) + 1 + 2/(-4). What is the greatest common factor of 1 and p?
1
Suppose 6*z - 672 = -0*z. What is the greatest common factor of z and 16?
16
Let g = -1 + 37. Calculate the greatest common divisor of g and 12.
12
Let k = 32 - 26. Suppose -3*t + 8*t - 150 = 0. What is the highest common divisor of t and k?
6
Let u = 82 + -40. Suppose 150 = 4*d - u. Calculate the greatest common factor of 24 and d.
24
Let p = 6 + -4. Suppose -p*m + 0*m + 48 = 0. Suppose 3*b + g - 181 = 0, -4*g + 1 = -3. What is the highest common divisor of b and m?
12
Let h be (-1 - 0)*((-4)/1 - -1). What is the greatest common divisor of h and 6?
3
Let z(a) = a**2 - 3*a - 14. Let q be z(-11). Calculate the highest common divisor of 28 and q.
28
Suppose -15*p = -16*p + 88. What is the greatest common divisor of 11 and p?
11
Let j = 7 - 4. Suppose 3*u = -k - k + 397, j*k + 147 = u. Suppose 5*w = 15 + u. What is the highest common factor of 12 and w?
6
Let t be (-3)/(-9) + (-676)/(-6). Let l = -48 + t. Calculate the highest common factor of 13 and l.
13
Let z be (-6)/9*(-3)/(-2). Let l(v) = 61*v**2 - 1. Let i be l(z). Let t be 5/(5/2 + -2). Calculate the greatest common divisor of i and t.
10
Let l = 47 + -14. Calculate the highest common factor of 3 and l.
3
Let s(f) = f + 4. Let y(w) be the first derivative of w**2/2 - 9*w + 1. Let p be y(6). Let u be s(p). What is the greatest common divisor of 2 and u?
1
Suppose 0 = 4*n - 4*f - 28, -4*n - n = -4*f - 31. Calculate the greatest common factor of n and 3.
3
Suppose 2*f + 27 = -f. Let w be (-372)/(-27) - 2/f. Suppose -5*p - 2*l + 41 = 0, 4 = 2*p - 2*l - 4. Calculate the highest common factor of w and p.
7
Let c = -14 - -9. Let p = 34 - c. Suppose 56 + p = 5*i. Calculate the greatest common divisor of i and 152.
19
Let o(f) = -13*f - 3. Let m be o(-3). Suppose 3*l = -3*b + 24, 0*l - 2*b - 5 = -5*l. Suppose -7 = -l*x + 20. Calculate the highest common factor of x and m.
9
Suppose 3*x + 2*x - 50 = 0. What is the greatest common factor of x and 80?
10
Let j be (3 + 1)*66/3. Suppose 3*i - i = 2. Let c(d) = 9*d - 1. Let k be c(i). What is the highest common factor of j and k?
8
Let c(u) = 3*u + 8. Let d be c(0). Let i be (-1)/((20/d)/(-5)). Calculate the highest common divisor of 10 and i.
2
Suppose 0 = 5*w + y - 126, 3*y = -2*w + y + 52. Let u be 1 - 6 - (-1 + 3). Let b = w - u. What is the greatest common divisor of b and 8?
8
Let z = 124 + -116. What is the highest common factor of z and 28?
4
Let k(f) = 6*f - 16. Let l be k(7). What is the highest common divisor of l and 39?
13
Suppose -4 = -3*h - 1. Let z(m) = -m**2 + 1. Let a be z(h). Suppose 2*b - 3*b + 8 = a. Calculate the highest common divisor of 56 and b.
8
Let v(y) = 17*y - 1. Let b be v(-1). Let d = 32 + b. Calculate the highest common divisor of 70 and d.
14
Let i(z) = -33*z - 1. Let f be i(-1). Suppose 0 = -2*w + w - f. Let d = w - -49. What is the highest common factor of d and 34?
17
Let r = 43 - 21. Let p be 6/(2/(-132)*-2). Calculate the highest common factor of r and p.
22
Suppose -5*j + q = -0*q - 103, -4*j = q - 77. Let m be -400*-1*2/4. Let d be (m/4)/(2/2). What is the highest common factor of j and d?
10
Let m(k) = -34*k**3 + 2*k**2 + k. Let w be m(-1). Let n = 25 + -11. What is the highest common factor of w and n?
7
Sup